is divided by 15?
0
Calculate the remainder when 407 is divided by 214.
193
Calculate the remainder when 2879 is divided by 366.
317
What is the remainder when 8056 is divided by 20?
16
Calculate the remainder when 52 is divided by 31.
21
Calculate the remainder when 1809 is divided by 181.
180
What is the remainder when 481 is divided by 89?
36
What is the remainder when 809 is divided by 167?
141
Calculate the remainder when 279 is divided by 87.
18
Calculate the remainder when 661 is divided by 7.
3
Calculate the remainder when 567 is divided by 15.
12
What is the remainder when 27 is divided by 7?
6
What is the remainder when 2133 is divided by 35?
33
Calculate the remainder when 511 is divided by 86.
81
What is the remainder when 364 is divided by 34?
24
What is the remainder when 68 is divided by 64?
4
What is the remainder when 1528 is divided by 139?
138
Calculate the remainder when 1233 is divided by 39.
24
Calculate the remainder when 61149 is divided by 14.
11
Calculate the remainder when 1113 is divided by 54.
33
What is the remainder when 37 is divided by 21?
16
What is the remainder when 354 is divided by 31?
13
Calculate the remainder when 2742 is divided by 56.
54
Calculate the remainder when 1559 is divided by 223.
221
What is the remainder when 198 is divided by 52?
42
Calculate the remainder when 6381 is divided by 28.
25
Calculate the remainder when 994 is divided by 338.
318
What is the remainder when 457 is divided by 51?
49
Calculate the remainder when 216 is divided by 20.
16
Calculate the remainder when 1654 is divided by 50.
4
What is the remainder when 3771 is divided by 1880?
11
What is the remainder when 759 is divided by 45?
39
What is the remainder when 1214 is divided by 607?
0
What is the remainder when 171 is divided by 89?
82
Calculate the remainder when 411 is divided by 26.
21
Calculate the remainder when 313 is divided by 9.
7
What is the remainder when 454 is divided by 57?
55
Calculate the remainder when 417 is divided by 72.
57
Calculate the remainder when 154 is divided by 4.
2
Calculate the remainder when 2902 is divided by 93.
19
What is the remainder when 90 is divided by 48?
42
Calculate the remainder when 82 is divided by 11.
5
Calculate the remainder when 43 is divided by 23.
20
What is the remainder when 124 is divided by 42?
40
Calculate the remainder when 146 is divided by 15.
11
Calculate the remainder when 244 is divided by 168.
76
What is the remainder when 181 is divided by 4?
1
Calculate the remainder when 1418 is divided by 46.
38
Calculate the remainder when 2231 is divided by 734.
29
Calculate the remainder when 5596 is divided by 193.
192
What is the remainder when 135 is divided by 46?
43
Calculate the remainder when 4248 is divided by 34.
32
Calculate the remainder when 283 is divided by 12.
7
Calculate the remainder when 327 is divided by 54.
3
What is the remainder when 113 is divided by 23?
21
What is the remainder when 388 is divided by 14?
10
Calculate the remainder when 854 is divided by 4.
2
What is the remainder when 12462 is divided by 38?
36
Calculate the remainder when 146 is divided by 59.
28
Calculate the remainder when 371 is divided by 8.
3
Calculate the remainder when 922 is divided by 83.
9
What is the remainder when 2392 is divided by 42?
40
Calculate the remainder when 342 is divided by 283.
59
Calculate the remainder when 923 is divided by 284.
71
What is the remainder when 106 is divided by 6?
4
What is the remainder when 253 is divided by 252?
1
Calculate the remainder when 1054 is divided by 108.
82
Calculate the remainder when 69 is divided by 38.
31
What is the remainder when 54 is divided by 46?
8
Calculate the remainder when 16 is divided by 15.
1
Calculate the remainder when 427 is divided by 103.
15
What is the remainder when 20 is divided by 12?
8
Calculate the remainder when 7598 is divided by 2532.
2
Calculate the remainder when 55 is divided by 17.
4
What is the remainder when 124 is divided by 33?
25
What is the remainder when 95 is divided by 4?
3
What is the remainder when 349 is divided by 79?
33
Calculate the remainder when 95 is divided by 15.
5
What is the remainder when 712 is divided by 108?
64
Calculate the remainder when 3964 is divided by 8.
4
Calculate the remainder when 5540 is divided by 56.
52
Calculate the remainder when 140 is divided by 71.
69
What is the remainder when 695 is divided by 58?
57
What is the remainder when 8914 is divided by 14?
10
What is the remainder when 675 is divided by 20?
15
What is the remainder when 86 is divided by 17?
1
Calculate the remainder when 85 is divided by 43.
42
Calculate the remainder when 71 is divided by 19.
14
Calculate the remainder when 148 is divided by 44.
16
Calculate the remainder when 54 is divided by 29.
25
What is the remainder when 394 is divided by 36?
34
What is the remainder when 76 is divided by 22?
10
Calculate the remainder when 64 is divided by 45.
19
Calculate the remainder when 1185 is divided by 66.
63
What is the remainder when 3083 is divided by 280?
3
Calculate the remainder when 116 is divided by 10.
6
What is the remainder when 144 is divided by 42?
18
Calculate the remainder when 44 is divided by 6.
2
Calculate the remainder when 127 is divided by 46.
35
What is the remainder when 1505 is divided by 58?
55
Calculate the remainder when 2059 is divided by 103.
102
Calculate the remainder when 31 is divided by 10.
1
What is the remainder when 1149 is divided by 68?
61
Calculate the remainder when 188 is divided by 47.
0
What is the remainder when 4 is divided by 1?
0
What is the remainder when 809 is divided by 104?
81
Calculate the remainder when 27340 is divided by 42.
40
Calculate the remainder when 679 is divided by 168.
7
What is the remainder when 88 is divided by 6?
4
What is the remainder when 1865 is divided by 89?
85
What is the remainder when 72 is divided by 40?
32
Calculate the remainder when 19062 is divided by 11.
10
What is the remainder when 107 is divided by 80?
27
What is the remainder when 821 is divided by 318?
185
What is the remainder when 3708 is divided by 53?
51
What is the remainder when 124 is divided by 4?
0
What is the remainder when 580 is divided by 119?
104
What is the remainder when 117 is divided by 32?
21
What is the remainder when 493 is divided by 55?
53
Calculate the remainder when 609 is divided by 18.
15
What is the remainder when 3293 is divided by 193?
12
What is the remainder when 66 is divided by 10?
6
Calculate the remainder when 799 is divided by 73.
69
Calculate the remainder when 216 is divided by 69.
9
Calculate the remainder when 90 is divided by 13.
12
What is the remainder when 410 is divided by 35?
25
Calculate the remainder when 92 is divided by 2.
0
Calculate the remainder when 40418 is divided by 43.
41
What is the remainder when 2776 is divided by 232?
224
What is the remainder when 95 is divided by 19?
0
Calculate the remainder when 202 is divided by 7.
6
What is the remainder when 1704 is divided by 35?
24
Calculate the remainder when 286 is divided by 42.
34
Calculate the remainder when 168 is divided by 34.
32
What is the remainder when 61 is divided by 9?
7
Calculate the remainder when 471 is divided by 466.
5
Calculate the remainder when 242 is divided by 9.
8
Calculate the remainder when 40870 is divided by 13.
11
What is the remainder when 328 is divided by 2?
0
Calculate the remainder when 123 is divided by 64.
59
Calculate the remainder when 178 is divided by 13.
9
Calculate the remainder when 64 is divided by 6.
4
What is the remainder when 429 is divided by 72?
69
Calculate the remainder when 39 is divided by 15.
9
What is the remainder when 553 is divided by 18?
13
What is the remainder when 90 is divided by 87?
3
What is the remainder when 182 is divided by 74?
34
What is the remainder when 320 is divided by 111?
98
Calculate the remainder when 170 is divided by 11.
5
What is the remainder when 96 is divided by 65?
31
Calculate the remainder when 546 is divided by 130.
26
Calculate the remainder when 491 is divided by 26.
23
What is the remainder when 3569 is divided by 225?
194
Calculate the remainder when 59 is divided by 11.
4
What is the remainder when 318 is divided by 40?
38
Calculate th